True
Does 63 divide 183334?
False
Is 9 a factor of 140075?
False
Does 13 divide 468624?
True
Is 3060402 a multiple of 356?
False
Does 855 divide 1992150?
True
Does 77 divide 151690?
True
Is 24 a factor of 3996648?
True
Does 22 divide 111394?
False
Is 3517967 a multiple of 17?
False
Is 4 a factor of 30718?
False
Is 2346669 a multiple of 669?
False
Is 15 a factor of 64830?
True
Does 184 divide 23156400?
True
Is 3107838 a multiple of 34?
True
Is 8 a factor of 172483?
False
Is 261603 a multiple of 87?
False
Is 2224 a multiple of 3?
False
Is 352730 a multiple of 5?
True
Is 86 a factor of 50916?
False
Is 1394328 a multiple of 26?
True
Is 435380 even?
True
Is 11 a factor of 183788?
True
Is 46 a factor of 132590?
False
Is 81 a factor of 397913?
False
Does 427 divide 3581389?
False
Does 16 divide 424946?
False
Is 1332999 a multiple of 6?
False
Does 14 divide 344582?
True
Is 58 a factor of 25337?
False
Does 118 divide 9626204?
True
Does 72 divide 350424?
True
Is 1273765 a multiple of 229?
False
Is 24 a factor of 94680?
True
Does 14 divide 98448?
True
Is 10 a factor of 30090?
True
Does 21 divide 326986?
False
Is 73629 a multiple of 303?
True
Is 62 a factor of 173600?
True
Is 141 a factor of 184055?
False
Is 75 a factor of 2965075?
False
Does 42 divide 205288?
False
Does 746 divide 44359?
False
Is 800985 a multiple of 17?
False
Does 207 divide 151366?
False
Is 90830 a multiple of 10?
True
Is 167 a factor of 4576078?
False
Does 1830 divide 17815160?
False
Does 58 divide 22098?
True
Is 7925 a multiple of 25?
True
Is 140 a factor of 5754280?
True
Is 131049 a multiple of 9?
True
Does 254 divide 3207258?
True
Is 16 a factor of 12847360?
True
Is 235104 a multiple of 31?
True
Is 2230030 a multiple of 11?
True
Is 47 a factor of 25709?
True
Does 279 divide 142569?
True
Does 47 divide 50509?
False
Is 5067108 a multiple of 9?
True
Is 196125 a multiple of 13?
False
Is 796 a factor of 5069724?
True
Is 124 a factor of 20312743?
False
Is 26 a factor of 2711358?
True
Is 21502 a multiple of 75?
False
Is 33488 a multiple of 66?
False
Does 14 divide 2642934?
True
Is 254 a factor of 32471?
False
Is 4421250 a multiple of 9?
True
Does 10 divide 171441?
False
Does 516 divide 3691?
False
Does 1817 divide 17965863?
False
Does 53 divide 270704?
False
Does 332 divide 1171995?
False
Does 12 divide 1229357?
False
Is 6453095 a multiple of 451?
False
Does 14 divide 11004799?
False
Does 114 divide 65245?
False
Does 93 divide 14377056?
True
Is 384 a factor of 5068800?
True
Is 36 a factor of 80506?
False
Does 311 divide 216720?
False
Is 7 a factor of 836689?
True
Does 17 divide 505468?
False
Is 51621 a multiple of 5?
False
Does 1199 divide 4406670?
False
Is 119894 a multiple of 6?
False
Does 103 divide 36088?
False
Is 550875 a multiple of 13?
True
Does 11 divide 106249?
True
Is 39 a factor of 3450311?
False
Is 4618772 a multiple of 75?
False
Is 849608 a multiple of 19?
False
Does 38 divide 2217790?
False
Is 47 a factor of 1664609?
False
Does 176 divide 451629?
False
Is 556668 a multiple of 6?
True
Is 284 a factor of 201924?
True
Is 19625 a multiple of 25?
True
Is 87 a factor of 5565407?
False
Is 1089935 a multiple of 1043?
True
Is 50 a factor of 1409126?
False
Does 53 divide 1886589?
False
Does 28 divide 110772?
False
Does 36 divide 843984?
True
Is 1546585 a multiple of 21?
False
Is 81 a factor of 64161?
False
Is 10294 a multiple of 2?
True
Is 6 a factor of 379056?
True
Does 25 divide 1251743?
False
Does 18 divide 1140882?
False
Does 6 divide 43092?
True
Is 481275 a multiple of 155?
True
Is 406 a factor of 43007?
False
Is 245967 a multiple of 68?
False
Does 9 divide 4824302?
False
Is 41736 a multiple of 148?
True
Is 76 a factor of 12671148?
False
Is 45 a factor of 114390?
True
Is 1712178 a multiple of 26?
True
Is 53194 a multiple of 26?
False
Is 598 a factor of 127972?
True
Is 661800 a multiple of 75?
True
Is 814566 a multiple of 6?
True
Does 14 divide 46313?
False
Is 545168 a multiple of 44?
False
Does 208 divide 6261738?
False
Is 3723620 a multiple of 41?
True
Is 109 a factor of 1889297?
True
Is 14 a factor of 136136?
True
Is 232630 a multiple of 86?
True
Does 2 divide 1285?
False
Is 16 a factor of 449968?
True
Does 35 divide 2243?
False
Is 1035401 a multiple of 242?
False
Is 11845 a multiple of 3?
False
Is 334 a factor of 109886?
True
Is 157499 a multiple of 306?
False
Is 2730823 a multiple of 53?
False
Is 19 a factor of 216281?
False
Is 159 a factor of 7257560?
False
Is 148 a factor of 1734746?
False
Is 3 a factor of 736491?
True
Does 4 divide 204023?
False
Is 4415072 a multiple of 16?
True
Does 31 divide 903836?
True
Is 42340 a multiple of 239?
False
Is 4231402 a multiple of 34?
True
Is 100449 a multiple of 2?
False
Is 80791 a multiple of 5?
False
Does 10 divide 4779?
False
Is 73 a factor of 43390?
False
Does 8 divide 528?
True
Is 9040 a multiple of 5?
True
Is 111832 a multiple of 56?
True
Is 55974 a multiple of 57?
True
Is 6284772 a multiple of 18?
True
Is 59984 a multiple of 184?
True
Is 2076440 a multiple of 10?
True
Is 212600 a multiple of 34?
False
Is 89011 a multiple of 67?
False
Is 5200080 a multiple of 35?
False
Is 281 a factor of 539525?
False
Does 104 divide 195624?
True
Is 344969 a multiple of 992?
False
Is 36 a factor of 23032?
False
Is 72 a factor of 80166?
False
Is 471814 a multiple of 270?
False
Is 44640 a multiple of 372?
True
Does 24 divide 9637348?
False
Is 387723 a multiple of 443?
False
Does 12 divide 76692?
True
Does 298 divide 455987?
False
Is 15918 a multiple of 2?
True
Is 216 a factor of 4720248?
True
Does 8 divide 1512?
True
Is 6 a factor of 846769?
False
Is 769 a factor of 662109?
True
Does 47 divide 3499714?
True
Is 197 a factor of 2357302?
True
Does 144 divide 1179072?
True
Is 51051 a multiple of 187?
True
Is 281 a factor of 151740?
True
Is 469550 a multiple of 361?
False
Does 380 divide 23783938?
False
Does 264 divide 1802223?
False
Is 196832 a multiple of 4?
True
Does 307 divide 294846?
False
Is 10 a factor of 61247?
False
Is 31728 a multiple of 16?
True
Is 6 a factor of 202104?
True
Is 104 a factor of 81892?
False
Does 36 divide 71571?
False
Does 80 divide 189920?
True
Does 874 divide 8209788?
False
Does 526 divide 403465?
False
Does 21 divide 160797?
True
Is 37 a factor of 1028514?
False
Is 1111590 a multiple of 621?
True
Is 1226658 a multiple of 3?
True
Is 329 a factor of 1088661?
True
Is 1935168 a multiple of 32?
True
Is 1918404 a multiple of 31?
True
Is 2432444 a multiple of 7?
True
Is 13 a factor of 15987120?
False
Is 382 a factor of 51570?
True
Is 49234 a multiple of 157?
False
Is 39966 a multiple of 13?
False
Is 1138101 a multiple of 22?
False
Is 5525478 a multiple of 18?
True
Is 4115370 a multiple of 35?
True
Does 9 divide 1218342?
False
Is 61 a factor of 6645645?
True
Is 6 a factor of 916410?
True
Does 269 divide 443765?
False
Is 117 a factor of 80618?
False
Does 26 divide 530863?
False
Is 28 a factor of 10976?
True
Does 41 divide 12418941?
True
Does 530 divide 95855?
False
Is 528 a factor of 514312?
False
Is 3493950 a multiple of 361?
False
Does 75 divide 245340?
False
Does 73 divide 7078591?
True
Is 49878 a multiple of 17?
True
Is 2442969 a multiple of 9?
True
Is 2294760 a multiple of 78?
True
Does 126 divide 1875974?
False
Is 1162344 a multiple of 121?
False
Is 3529 a multiple of 19?
False
Is 176080 a multiple of 112?
False
Does 107 divide 136996?
False
Is 2825760 a multiple of 210?
True
Does 28 divide 4185184?
False
Is 6671769 a multiple of 29?
True
Is 16 a factor of 663168?
True
Is 22 a factor of 12106854?
False
Does 7 divide 21200?
False
Does 119 divide 407731?
False
Does 58 divide 257288?
True
Is 2086670 a multiple of 32?
False
Is 308152 a multiple of 221?
False
Is 42 a factor of 67844?
False
Does 36 divide 14076?
True
Does 13 divide 2002540?
False
Does 251 divide 41882?
False
Is 4017594 a multiple of 483?
True
Does 14 divide 81132?
False
Is 56 a factor of 3083979?
False
Is 3334940 a multiple of 140?
True
Is 274098 a multiple of 66?
True
Is 198406 a multiple of 338?
True
Is 1151612 a multiple of 28?
True
Is 6 a factor of 26031?
False
Is 254 a factor of 10084502?
False
Does 15 divide 1302969?
False
Does 17 divide 15926331?
True
Is 76659 a multiple of 101?
True
Is 55 a factor of 2610639?
False
Does 15 divide 207300?
True
Is 36 a facto